Suppose -4*f + l = 141. What is the tens digit of f?
9
Let d = -7 - -7. Suppose 5*c - 2*c = 3*f + 12, d = -3*c - 3*f + 18. Suppose 616 = c*v + 3*v. What is the tens digit of v?
7
What is the units digit of ((-6564)/18 - -1)*-21?
7
Let a = 9 - 5. Let u be (-1)/(-2)*(245 + -7). Suppose -4*o + 5*k = -5*o + u, a*o = 4*k + 524. What is the hundreds digit of o?
1
Suppose f - 5*f + 8 = 0. Suppose -2*p + 4*y = -446, 4*p - 450 = f*p + 2*y. What is the units digit of p?
7
Let t(w) = w + 17. Let c be t(-13). Let s be (c/(-10))/((-2)/(-20)). What is the units digit of (-10)/4 - -2 - 50/s?
2
Let n(q) = -5*q**2 + 55*q + 31. Let j be n(-15). Let m = -1048 - j. What is the units digit of m?
1
Let y(s) = -33*s + 36. Let k be y(1). Suppose -k*c = -z + 44, -z = 4*z + 3*c - 202. What is the units digit of z?
1
Let g(k) = 43*k**2 - 121*k - 2960. What is the units digit of g(-39)?
2
Suppose 0 = 4*c - 3*m + 7, -3*c - 5*m = -2*m - 21. Suppose -c*p + 54 + 36 = 0. What is the tens digit of p?
4
Let b = 71418 + -39653. What is the hundreds digit of b?
7
Suppose 37*p - 40790 = 34*p - 5*v, 4*p + 2*v = 54396. What is the hundreds digit of p?
6
What is the hundreds digit of (208/(-12))/((-4)/42*1/23)?
1
Let h be ((-231)/(-22))/(1/24). Suppose 6*v - h = 90. What is the units digit of (v/(-6))/((-3)/48)?
2
Let f(h) = -h - 222*h**2 - 6*h + 1 + 11 + 382*h**2 + 0. What is the tens digit of f(3)?
3
Suppose 4*k = 2*v - 1188 - 6454, 2*k = -3*v + 11431. What is the thousands digit of v?
3
Suppose -14*o = -4*o - 40. Suppose -b + 6*b = 4*m - 132, m = -o*b + 54. Let j = m - -114. What is the units digit of j?
2
Let x be ((-218)/4)/((-12)/(-120)). Let r = -383 - x. What is the units digit of r?
2
Let j(p) = 19*p**2 + p + 72844 - 72839 - p**3 - 8*p**2. Suppose -3*n + 0 = -30. What is the units digit of j(n)?
5
Let w = 191 + -5. Let c = 112 + w. What is the units digit of c?
8
Let v = 4380 - -4136. What is the tens digit of v?
1
Let z(n) = 530*n + 13. Let y(a) = -a - 2. Let u(c) = 6*y(c) - z(c). What is the units digit of u(-1)?
1
Let t = 460 + -211. Let f be ((-72)/27)/((-2)/(-114)). Let m = f + t. What is the tens digit of m?
9
Let z = -873 - -1753. What is the tens digit of z?
8
Let i(t) = -t**2 + 32*t + 3. Suppose 3*d + 7 = x - 2*x, x - 5 = 0. Let f be 4 - (-10 + (0 - d)). What is the tens digit of i(f)?
2
Suppose -9*z + 25 = -4*z. Suppose o - 4*x = -55, 3*o - z*x + 94 = -71. What is the units digit of ((-3)/(4 - 1))/(1/o)?
5
Let m(d) = 909*d + 2832. What is the units digit of m(48)?
4
Suppose -470*l + 234*l = -237*l + 34235. What is the units digit of l?
5
Let x(n) = -29*n + 73. Let b(r) = 20 - 32 + 0*r + 2*r + 3*r. Let t(p) = 34*b(p) + 6*x(p). What is the units digit of t(-15)?
0
Suppose 2*g + 3177561 = 305*g. What is the ten thousands digit of g?
1
Let u(z) be the second derivative of z**4/12 - 4*z**3/3 - z**2 - 3*z. Let f be u(6). What is the tens digit of (-3555)/(-63) - (-6)/f?
5
Let c(i) be the first derivative of i**4/4 + 7*i**3 - 31*i**2/2 - 21*i - 54. What is the units digit of c(-22)?
7
Suppose 0 = -71*p + 69*p + 4*o + 37886, -4*o - 24 = 0. What is the units digit of p?
1
What is the ten thousands digit of 57/(-38) + (-114985)/(-10)?
1
Suppose 11*q - 30*q + 75145 = 0. What is the units digit of q?
5
Let v = -827 - -778. Let u = v - -1185. What is the hundreds digit of u?
1
Suppose -r + 6*r = 10, -2*d + 4*r - 678 = 0. Let c = -208 - d. Suppose b = 2*w + 26, c = 4*b - 3*w + 43. What is the tens digit of b?
1
What is the thousands digit of (505548/32 - 0) + (-78)/208?
5
Let x(b) = -6*b - 4. Let p be x(-1). What is the hundreds digit of (-5)/p*(-606)/5?
3
What is the tens digit of (-118*60/80)/((-6)/1648)?
0
Let b(j) be the first derivative of j**3/3 - 5*j**2 + 51*j + 118. What is the tens digit of b(-17)?
1
Let m(b) = b**3 + 7*b**2 - 914*b + 60. What is the tens digit of m(30)?
4
Let z(w) = -2*w**2 + 2. Let s(b) = -9*b**2 - 31*b + 68. Let n(f) = -s(f) + 4*z(f). What is the hundreds digit of n(13)?
5
Suppose 0 = -71*t + 74*t + 3. Let d(o) = -110*o**3 + 3*o**2 + o - 1. What is the tens digit of d(t)?
1
Let d(j) = 40*j + 15. Let t be d(-3). Let n = 2 - t. What is the units digit of n?
7
Suppose -320*r - 33 = -331*r. Suppose 2*a = g + 655, -r*a + 320 = 3*g - 676. What is the hundreds digit of a?
3
Let r(o) = -3*o**3 + o**2 - o - 6. Let y be r(-2). What is the hundreds digit of (-3836)/(-6) + 40/y?
6
Suppose 25*z = 24*z + 4*p + 7448, 0 = -3*z + 4*p + 22384. What is the thousands digit of z?
7
Let b(f) = f**2 - 3*f + 8. Suppose -2*j = 4*l + 152, 0 = 5*j + 4*l - 230 + 622. Let p = 97 + j. What is the units digit of b(p)?
6
Suppose 0*a + 5*c - 27 = -a, -3*a - 3*c + 21 = 0. Suppose 0 = a*p + 5*g - 773, 4*g = -3*p + 145 + 1004. What is the hundreds digit of p?
3
Let l(m) = -2*m**2 + 8*m + 26. Let u be l(6). What is the units digit of (u*(-14)/8 - -4)*120?
0
Suppose 66*z + 3*z + 4485 = 0. Let w(v) = -v**3 - 9*v**2 - 12*v - 9. Let c be w(-8). Let s = c - z. What is the tens digit of s?
8
Let a = -5701 - -11327. What is the tens digit of a?
2
What is the tens digit of ((-33)/(-6) + -6)*1*-8 - -9232?
3
Let o(q) = -69*q + 99. Let z be o(12). Let w = z + 2076. What is the tens digit of w?
4
Suppose k = -3*l + 4248 + 15712, k + 13310 = 2*l. What is the thousands digit of l?
6
Suppose 49293 = 4*o - q, -5*o = 2*q - 28867 - 32772. What is the ten thousands digit of o?
1
Let x = 33525 + -22975. What is the ten thousands digit of x?
1
Suppose 3*g - 4*b = 106154, -4*g + 29278 + 112265 = -b. What is the thousands digit of g?
5
Let g = 128 - 128. Suppose 0*k + 4*k = s + 2790, 2*k - 5*s - 1386 = g. What is the hundreds digit of k?
6
Let l = 49590 - 21275. What is the hundreds digit of l?
3
Let w(f) = -2*f**2 - 22*f - 24. Let o be w(-10). Let d(c) = c + 8. Let b be d(o). What is the tens digit of (-9)/(b/(-256)*6)?
9
Suppose 5*v - 6*c - 33180 = -7*c, 5*v - 3*c = 33160. What is the units digit of v?
5
Let y be 221 - 4*(-3)/(-24)*4. Let m be 3*2/(-3) + y + -8. Suppose 0 = -12*o + m + 1687. What is the hundreds digit of o?
1
Let h be 2/(-3) + 3/27*177. Let n = 84 - h. Suppose -3*f = -n - 40. What is the units digit of f?
5
What is the tens digit of 11 - 1 - (-31)/((-310)/(-409030))?
1
Suppose -10*p = 14930 - 8194 - 52516. What is the thousands digit of p?
4
Let s be 6/(-15)*25/20*4. Let g be (-3)/(-9)*(2681 + s). Suppose -1068 = -4*o - v, -5*o + 459 = -3*v - g. What is the hundreds digit of o?
2
Let h = 346 + -346. Suppose 6*f - 4050 = -h*f. What is the hundreds digit of f?
6
Let k be 5/(6/(-6) + 2). Suppose -3*r + 3*j + 456 = 0, 4*j - 1063 + 348 = -k*r. What is the units digit of r?
7
Let r(v) = v**2 + v - 8. Let n be r(6). Let o = n + -31. Let i(u) = 53*u - 20. What is the units digit of i(o)?
9
Suppose 0 = 2*c - 3*y + 1692, c + 4*y + 578 = -290. Let q = c + 1425. What is the units digit of q?
3
Suppose -4*d - n = 4190, -d - n + 210 - 1259 = 0. Let u = d + 1816. What is the units digit of u?
9
Let m = -36440 + 51083. What is the units digit of m?
3
What is the ten thousands digit of (28/13 - 2) + 242094094/5863?
4
Let u be (-14 - 1)/((-9)/60*-2). Let t = 55 + u. Suppose -3*f - a - 16 = -76, t*f + 2*a = 99. What is the tens digit of f?
2
Let f(x) = x**3 - 11*x**2 + 13*x + 5. Let t be f(10). Let n = 29 - t. What is the tens digit of 98 + -3*(-4)/n?
9
Suppose 0 = -4*k - r + 1268, -4*k + 1255 + 25 = 4*r. What is the units digit of 1 - k/(-8) - 5/10?
0
Let a(y) = -1113*y - 5691. What is the hundreds digit of a(-20)?
5
Let q be 0/(2 + 1 + -5). Let v(h) = 14*h + 175. What is the tens digit of v(q)?
7
Suppose -12*n + 95717 = 16*n - 50863. What is the units digit of n?
5
Let x be (-5 - (7 - 3))*4/(-12). Let j = 380 - 129. Suppose 6*m - x*r = 2*m + 999, -m = -r - j. What is the units digit of m?
6
What is the tens digit of (17 - (-893)/(-57))*(-2979)/(-2)?
8
Let a(h) be the first derivative of -17*h**2/2 - 7*h + 118. What is the units digit of a(-4)?
1
Suppose -36*f + 90 = -6*f. Suppose 5*u - 1947 = -f*q + 2*u, 3*u - 2593 = -4*q. What is the tens digit of q?
4
Let g be 330/(-8) - -6*5/(-40). Let y be 3 + -1 - g/(-14). What is the units digit of -5 - (-208 - (y - -1))?
3
Let d be (-2 - 42/(-15))/(2/5). Let z(m) = 2280*m**2 + 0*m - 2278*m**d + 31 + 10*m. What is the units digit of z(-13)?
9
Suppose 0 = -2*v - 5